s 180157871 composite?
False
Is 10511227 a composite number?
False
Is 4210217 a composite number?
True
Is 575243 a composite number?
False
Is 6774289 composite?
False
Is 14090311 composite?
False
Is 43661503 a prime number?
False
Is 10563089 a composite number?
False
Is 12365867 prime?
False
Is 474826433 prime?
True
Is 4547 prime?
True
Is 37798 a composite number?
True
Is 9791539 a composite number?
True
Is 1141949 a prime number?
True
Is 1727639 composite?
False
Is 1753943 a prime number?
True
Is 3195397 a prime number?
True
Is 3408403 prime?
False
Is 40367 a prime number?
False
Is 9453107 a prime number?
True
Is 2059567 composite?
True
Is 9464633 prime?
True
Is 5064053 a composite number?
False
Is 183058781 composite?
False
Is 18947419 a prime number?
True
Is 29928557 prime?
True
Is 2364149 prime?
True
Is 11758354 a prime number?
False
Is 114151 a composite number?
True
Is 417269917 a composite number?
True
Is 3374779 a composite number?
True
Is 173487229 composite?
True
Is 1221091 a prime number?
False
Is 95402227 prime?
True
Is 42334273 a prime number?
True
Is 67891873 a prime number?
False
Is 29870647 a composite number?
False
Is 1201169 a prime number?
False
Is 7368703 prime?
False
Is 7586581 a prime number?
True
Is 23431 prime?
True
Is 86978063 prime?
False
Is 21048361 a composite number?
False
Is 22419569 a prime number?
False
Is 15637367 a prime number?
True
Is 2119529 a prime number?
False
Is 24640987 a prime number?
False
Is 83596193 a composite number?
False
Is 276151949 prime?
False
Is 2650829 composite?
False
Is 136740631 prime?
True
Is 2271551 a prime number?
True
Is 3085123 prime?
True
Is 588755 a prime number?
False
Is 61445005 a composite number?
True
Is 39731 composite?
True
Is 11279473 a prime number?
False
Is 23289341 a prime number?
True
Is 4307519 prime?
True
Is 2030981 prime?
True
Is 160755949 a prime number?
True
Is 53300647 composite?
False
Is 3137941 a prime number?
True
Is 332607553 a composite number?
False
Is 5823691 a composite number?
True
Is 39369599 a prime number?
True
Is 66917893 a composite number?
True
Is 65313511 composite?
False
Is 4332305 a prime number?
False
Is 118333711 prime?
True
Is 3340201 composite?
False
Is 37820599 a prime number?
True
Is 17396987 composite?
False
Is 375203 a composite number?
False
Is 21812755 composite?
True
Is 8001491 a prime number?
True
Is 90234509 a composite number?
False
Is 537527 prime?
True
Is 12899191 composite?
True
Is 630897721 a prime number?
False
Is 15112417 a composite number?
False
Is 56320321 prime?
True
Is 1712822 a prime number?
False
Is 2375246 a composite number?
True
Is 66539899 a composite number?
False
Is 2068009 composite?
True
Is 458265259 a prime number?
False
Is 33864069 prime?
False
Is 163050599 prime?
True
Is 918001211 prime?
True
Is 192588023 a composite number?
False
Is 4266271 prime?
True
Is 392288977 prime?
False
Is 176930573 a composite number?
False
Is 895860709 prime?
True
Is 9899455 a prime number?
False
Is 2429267 a composite number?
False
Is 584897 composite?
False
Is 70197137 a prime number?
True
Is 29511091 prime?
False
Is 10820209 a prime number?
False
Is 109420813 a composite number?
False
Is 13397311 a composite number?
False
Is 5595011 a prime number?
False
Is 22139521 a composite number?
False
Is 9431731 prime?
False
Is 261378941 prime?
False
Is 237910411 a prime number?
True
Is 282883 composite?
True
Is 96003341 composite?
True
Is 9453079 a prime number?
True
Is 26771861 a composite number?
False
Is 101817127 a prime number?
False
Is 12482989 prime?
True
Is 5479169 composite?
False
Is 27288901 a prime number?
True
Is 8344353 a prime number?
False
Is 1951591 composite?
False
Is 3240827 composite?
True
Is 97127617 a prime number?
False
Is 178630237 a composite number?
True
Is 39262487 a composite number?
True
Is 9525709 a composite number?
False
Is 335281873 prime?
True
Is 237575743 prime?
False
Is 30126833 a composite number?
True
Is 4583855 a prime number?
False
Is 18356531 a prime number?
True
Is 41831527 a prime number?
False
Is 45027109 prime?
False
Is 708751 prime?
True
Is 76715131 a composite number?
False
Is 2637221 prime?
True
Is 9879179 composite?
False
Is 15170281 composite?
True
Is 9505307 composite?
True
Is 3938173 composite?
True
Is 31919 a composite number?
True
Is 4257353 a prime number?
True
Is 105289 a prime number?
False
Is 14729297 composite?
True
Is 3045773 composite?
False
Is 3526961 composite?
True
Is 77850449 composite?
True
Is 91358443 composite?
True
Is 130915639 prime?
True
Is 49255 a composite number?
True
Is 69421 composite?
True
Is 3633643 a prime number?
False
Is 4053641 a composite number?
False
Is 240929147 prime?
True
Is 2428991 a prime number?
True
Is 98428559 composite?
False
Is 305917 a prime number?
True
Is 14190459 composite?
True
Is 7870151 a composite number?
True
Is 869885 composite?
True
Is 123312253 a prime number?
True
Is 1042487 a prime number?
True
Is 1228109 composite?
False
Is 118929982 a prime number?
False
Is 863563 a composite number?
True
Is 31352863 prime?
True
Is 6982247 prime?
True
Is 1761953 composite?
True
Is 9390263 prime?
False
Is 85167689 composite?
True
Is 39430021 prime?
False
Is 335017259 prime?
True
Is 10987687 composite?
False
Is 14772547 composite?
False
Is 16137301 composite?
True
Is 27405031 composite?
False
Is 13274633 composite?
True
Is 853549 a prime number?
False
Is 75547139 composite?
False
Is 274129279 a composite number?
False
Is 142398561 a composite number?
True
Is 31413697 a composite number?
True
Is 541535485 a composite number?
True
Is 43667 a prime number?
False
Is 1019059 a composite number?
False
Is 222059 prime?
True
Is 479645 prime?
False
Is 51387411 a composite number?
True
Is 36497519 prime?
True
Is 11738231 composite?
False
Is 117522299 prime?
False
Is 324394321 prime?
True
Is 75393277 a composite number?
False
Is 4667183 composite?
True
Is 13860271 composite?
True
Is 3455113 a prime number?
True
Is 52116037 a composite number?
False
Is 2266063 a composite number?
False
Is 25981699 composite?
True
Is 59219819 prime?
False
Is 4498621 a composite number?
True
Is 503147 a composite number?
False
Is 19234571 a prime number?
False
Is 290816881 composite?
True
Is 212751199 composite?
False
Is 30201755 a composite number?
True
Is 51684713 prime?
True
Is 67335197 prime?
True
Is 27669505 a prime number?
False
Is 202418261 prime?
False
Is 4645783 a composite number?
False
Is 21571391 prime?
False
Is 881286403 a prime number?
False
Is 83246861 composite?
True
Is 66537103 composite?
False
Is 1097783 prime?
True
Is 1747429 prime?
True
Is 14505763 a composite number?
False
Is 22242509 a composite number?
True
Is 1796359 a prime number?
False
Is 69991 a prime number?
True
Is 31242307 a composite number?
False
Is 10265311 a prime number?
False
Is 3138209 prime?
True
Is 7873133 composite?
False
Is 112194263 composite?
False
Is 57861413 prime?
True
Is 15435059 a prime number?
False
Is 32235085 a prime number?
False
Is 1945991 composite?
False
Is 161862001 composite?
True
Is 216877579 a composite number?
False
Is 71083913 a composite number?
False
Is 364541089 composite?
True
Is 235871291 prime?
True
Is 77038523 prime?
False
Is 3785957 prime?
False
Is 9068971 a prime number?
True
Is 421934 prime?
False
Is 123581851 prime?
False
Is 24263791 prime?
True
Is 194045693 prime?
True
Is 231607261 a prime number?
True
Is 73398931 a composite number?
False
Is 1828014241 composite?
False
Is 35419 composite?
False
Is 67075669 a composite number?
False
Is 224431199 a composite number?
False
Is 8957161 a prime number?
False
Is 10608563 composite?
True
Is 390217 a composite number?
True
Is 420551 prime?
True
Is 79496791 composite?
True
Is 322264471 a composite number?
True
Is 31140313 composite?
False
Is 67410187 a composite number?
True
Is 1017103 a prime number?
False
Is 75292033 a composite number?
True
Is 139727857 a composite number?
True
Is 195023459 composite?
True
Is 11887765 composite?
True
Is 116469101 a composite number?
True
Is 10740217 a prime number?
True
Is 444247127 a composite number?
False
Is 4763021 prime?
True
Is 205882441 a composite number?
True
Is 8664311 composite?
False
Is 1560733 composite?
False
Is 13771187 a prime number?
False
Is 372223 compos